{"id":102,"date":"2018-01-31T17:26:36","date_gmt":"2018-01-31T16:26:36","guid":{"rendered":"http:\/\/www.nvv-ehrendingen.ch\/nvv-wp-01\/?page_id=102"},"modified":"2026-03-03T18:39:56","modified_gmt":"2026-03-03T17:39:56","slug":"aktuelles","status":"publish","type":"page","link":"https:\/\/www.nvv-ehrendingen.ch\/nvv-wp-01\/","title":{"rendered":"Herzlich Willkommen beim Natur- und Vogelschutzverein Ehrendingen"},"content":{"rendered":"\t\t<div data-elementor-type=\"wp-page\" data-elementor-id=\"102\" class=\"elementor elementor-102\">\n\t\t\t\t\t\t<section class=\"elementor-section elementor-top-section elementor-element elementor-element-902148b elementor-section-boxed elementor-section-height-default elementor-section-height-default\" data-id=\"902148b\" data-element_type=\"section\" data-e-type=\"section\">\n\t\t\t\t\t\t<div class=\"elementor-container elementor-column-gap-default\">\n\t\t\t\t\t<div class=\"elementor-column elementor-col-100 elementor-top-column elementor-element elementor-element-551df77\" data-id=\"551df77\" data-element_type=\"column\" data-e-type=\"column\">\n\t\t\t<div class=\"elementor-widget-wrap elementor-element-populated\">\n\t\t\t\t\t\t<div class=\"elementor-element elementor-element-cf63693 elementor-widget elementor-widget-text-editor\" data-id=\"cf63693\" data-element_type=\"widget\" data-e-type=\"widget\" data-widget_type=\"text-editor.default\">\n\t\t\t\t<div class=\"elementor-widget-container\">\n\t\t\t\t\t\t\t\t\t<p>Liebe Natur- und Vogelfreund<\/p>\n<p>Wir begr\u00fcssen dich herzlich auf der Homepage des Natur- und Vogelschutzvereins Ehrendingen. Nebst vielerlei Aktivit\u00e4ten in und um Ehrendingen, alle mit dem Ziel der Hege und Pflege der Tier- und Pflanzenwelt, zu denen jedermann, auch Nichtmitglieder, jederzeit herzlich eingeladen sind, geniessen wir vor allem auch das gem\u00fctliche Beisammensein mit Gleichgesinnten.<\/p>\n<p>Nebst Aktivit\u00e4ten zu Gunsten der Natur bietet der Natur- und Vogelschutzverein Ehrendingen auch eine einfache M\u00f6glichkeit des sich Kennenlernens in unserem Dorf, und das ganz ohne Verpflichtung.<\/p>\n<p>Nimm ganz unverbindlich an einem unserer n\u00e4chsten Anl\u00e4sse teil und lass dich \u00fcberraschen. Details findest du in unserem <a href=\"Jahresprogramm\" target=\"_blank\" rel=\"noopener\">Jahresprogramm<\/a>.<\/p>\n<p style=\"color: #6ba420;\"><strong>N\u00e4chster Anlass:<\/strong><\/p>\n<table style=\"border-collapse: collapse; width: 100%;\">\n<tbody>\n<tr>\n<td style=\"width: 22.7273%;\"><strong>Was<\/strong><\/td>\n<td style=\"width: 77.2727%;\"><b>Exkursion &#8218;Die Natur erwacht&#8216;<\/b><\/td>\n<\/tr>\n<tr>\n<td style=\"width: 22.7273%;\"><strong>Wer<\/strong><\/td>\n<td style=\"width: 77.2727%;\">NVV Schneisingen<\/td>\n<\/tr>\n<tr>\n<td style=\"width: 22.7273%;\"><strong>Wann<\/strong><\/td>\n<td style=\"width: 77.2727%;\"><b>15. M\u00e4rz 2026<\/b><\/td>\n<\/tr>\n<tr>\n<td style=\"width: 22.7273%;\"><strong>Wo<\/strong><\/td>\n<td style=\"width: 77.2727%;\"><b>09:45 beim Gemeindehaus oder<br>10:00 bei der Grillstelle Sch\u00fcliberg in Schneisingen<\/b><\/td>\n<\/tr>\n<tr>\n<td style=\"width: 22.7273%;\"><strong>Dauer<\/strong><\/td>\n<td style=\"width: 77.2727%;\">ca. <b>2 Stunden<\/b> \/ ca. <b>5km<\/b> zu Fuss<\/td>\n<\/tr>\n<tr>\n<td style=\"width: 22.7273%;\"><strong>Spezielles<\/strong><\/td>\n<td style=\"width: 77.2727%;\"><b>Gutes Schuhwerk<\/b> und dem <b>Wetter angepasste Kleidung<\/b> anziehen!<br>Nach der Exkursion gibt es <b>Suppe f\u00fcr alle Teilnehmer<\/b>!<\/td>\n<\/tr>\n<\/tbody>\n<\/table>\t\t\t\t\t\t\t\t<\/div>\n\t\t\t\t<\/div>\n\t\t\t\t\t<\/div>\n\t\t<\/div>\n\t\t\t\t\t<\/div>\n\t\t<\/section>\n\t\t\t\t<section class=\"elementor-section elementor-top-section elementor-element elementor-element-b03b175 elementor-section-boxed elementor-section-height-default elementor-section-height-default\" data-id=\"b03b175\" data-element_type=\"section\" data-e-type=\"section\">\n\t\t\t\t\t\t<div class=\"elementor-container elementor-column-gap-default\">\n\t\t\t\t\t<div class=\"elementor-column elementor-col-100 elementor-top-column elementor-element elementor-element-7f30cd2\" data-id=\"7f30cd2\" data-element_type=\"column\" data-e-type=\"column\">\n\t\t\t<div class=\"elementor-widget-wrap elementor-element-populated\">\n\t\t\t\t\t\t<div class=\"elementor-element elementor-element-d284f56 elementor-widget elementor-widget-heading\" data-id=\"d284f56\" data-element_type=\"widget\" data-e-type=\"widget\" data-widget_type=\"heading.default\">\n\t\t\t\t<div class=\"elementor-widget-container\">\n\t\t\t\t\t<h1 class=\"elementor-heading-title elementor-size-default\">Letzte Beitr\u00e4ge<\/h1>\t\t\t\t<\/div>\n\t\t\t\t<\/div>\n\t\t\t\t\t<\/div>\n\t\t<\/div>\n\t\t\t\t\t<\/div>\n\t\t<\/section>\n\t\t\t\t<section class=\"elementor-section elementor-top-section elementor-element elementor-element-1cbcc60 elementor-section-boxed elementor-section-height-default elementor-section-height-default\" data-id=\"1cbcc60\" data-element_type=\"section\" data-e-type=\"section\">\n\t\t\t\t\t\t<div class=\"elementor-container elementor-column-gap-default\">\n\t\t\t\t\t<div class=\"elementor-column elementor-col-100 elementor-top-column elementor-element elementor-element-1313e2a8\" data-id=\"1313e2a8\" data-element_type=\"column\" data-e-type=\"column\">\n\t\t\t<div class=\"elementor-widget-wrap elementor-element-populated\">\n\t\t\t\t\t\t<div class=\"elementor-element elementor-element-11728b53 elementor-widget elementor-widget-text-editor\" data-id=\"11728b53\" data-element_type=\"widget\" data-e-type=\"widget\" data-widget_type=\"text-editor.default\">\n\t\t\t\t<div class=\"elementor-widget-container\">\n\t\t\t\t\t\t\t\t\t<p><div class=\"pt-cv-wrapper\"><div class=\"pt-cv-view pt-cv-grid pt-cv-colsys\" id=\"pt-cv-view-0f6b78e1lg\"><div data-id=\"pt-cv-page-1\" class=\"pt-cv-page\" data-cvc=\"1\"><div class=\"col-md-12 col-sm-6 col-xs-12 pt-cv-content-item pt-cv-2-col\" ><div class='pt-cv-ifield'><a href=\"https:\/\/www.nvv-ehrendingen.ch\/nvv-wp-01\/vogel-des-jahres\/vogel-des-jahres-2026-eisvogel\/\" class=\"_self pt-cv-href-thumbnail pt-cv-thumb-left\" target=\"_self\" ><img decoding=\"async\" width=\"300\" height=\"134\" src=\"https:\/\/www.nvv-ehrendingen.ch\/nvv-wp-01\/wp-content\/uploads\/2026\/02\/vogel-des-jahres-2026-Eisvogel_Beat_Rueegger_header-300x134.jpg\" class=\"pt-cv-thumbnail pull-left attachment-medium size-medium\" alt=\"\" srcset=\"https:\/\/www.nvv-ehrendingen.ch\/nvv-wp-01\/wp-content\/uploads\/2026\/02\/vogel-des-jahres-2026-Eisvogel_Beat_Rueegger_header-300x134.jpg 300w, https:\/\/www.nvv-ehrendingen.ch\/nvv-wp-01\/wp-content\/uploads\/2026\/02\/vogel-des-jahres-2026-Eisvogel_Beat_Rueegger_header-1024x458.jpg 1024w, https:\/\/www.nvv-ehrendingen.ch\/nvv-wp-01\/wp-content\/uploads\/2026\/02\/vogel-des-jahres-2026-Eisvogel_Beat_Rueegger_header-768x344.jpg 768w, https:\/\/www.nvv-ehrendingen.ch\/nvv-wp-01\/wp-content\/uploads\/2026\/02\/vogel-des-jahres-2026-Eisvogel_Beat_Rueegger_header-960x430.jpg 960w, https:\/\/www.nvv-ehrendingen.ch\/nvv-wp-01\/wp-content\/uploads\/2026\/02\/vogel-des-jahres-2026-Eisvogel_Beat_Rueegger_header.jpg 1430w\" sizes=\"(max-width: 300px) 100vw, 300px\" \/><\/a>\n<div class=\"pt-cv-colwrap\"><h4 class=\"pt-cv-title\"><a href=\"https:\/\/www.nvv-ehrendingen.ch\/nvv-wp-01\/vogel-des-jahres\/vogel-des-jahres-2026-eisvogel\/\" class=\"_self\" target=\"_self\" >Vogel des Jahres 2026 &#8211; Eisvogel<\/a><\/h4><div class=\"pt-cv-content\">Einer der sch\u00f6nsten V\u00f6gel unserer Gew\u00e4sser ist der auff\u00e4llig blau und orange gefiederte Eisvogel. Er zeigt an, dass die Orte, an welchen er gesehen wird, &#8230;<br \/><div class=\"pt-cv-rmwrap\"><a href=\"https:\/\/www.nvv-ehrendingen.ch\/nvv-wp-01\/vogel-des-jahres\/vogel-des-jahres-2026-eisvogel\/\" class=\"_self pt-cv-readmore btn btn-success\" target=\"_self\">Weiterlesen \u2026<\/a><\/div><\/div><\/div><\/div><\/div>\n<div class=\"col-md-12 col-sm-6 col-xs-12 pt-cv-content-item pt-cv-2-col\" ><div class='pt-cv-ifield'><a href=\"https:\/\/www.nvv-ehrendingen.ch\/nvv-wp-01\/exkursionen\/exkursion-essbare-wildpflanzen\/\" class=\"_self pt-cv-href-thumbnail pt-cv-thumb-left\" target=\"_self\" ><img fetchpriority=\"high\" decoding=\"async\" width=\"300\" height=\"169\" src=\"https:\/\/www.nvv-ehrendingen.ch\/nvv-wp-01\/wp-content\/uploads\/2025\/04\/20250406_Essbare-Wildpflanzen-5-800-450-300x169.jpg\" class=\"pt-cv-thumbnail pull-left attachment-medium size-medium\" alt=\"\" srcset=\"https:\/\/www.nvv-ehrendingen.ch\/nvv-wp-01\/wp-content\/uploads\/2025\/04\/20250406_Essbare-Wildpflanzen-5-800-450-300x169.jpg 300w, https:\/\/www.nvv-ehrendingen.ch\/nvv-wp-01\/wp-content\/uploads\/2025\/04\/20250406_Essbare-Wildpflanzen-5-800-450-768x432.jpg 768w, https:\/\/www.nvv-ehrendingen.ch\/nvv-wp-01\/wp-content\/uploads\/2025\/04\/20250406_Essbare-Wildpflanzen-5-800-450.jpg 800w\" sizes=\"(max-width: 300px) 100vw, 300px\" \/><\/a>\n<div class=\"pt-cv-colwrap\"><h4 class=\"pt-cv-title\"><a href=\"https:\/\/www.nvv-ehrendingen.ch\/nvv-wp-01\/exkursionen\/exkursion-essbare-wildpflanzen\/\" class=\"_self\" target=\"_self\" >Exkursion &#8211; Essbare Wildpflanzen<\/a><\/h4><div class=\"pt-cv-content\">Am Sonntag, 6. April 2025, haben sich rund 40 Personen um 10 Uhr zur Morgenexkursion &#8218;Essbare Wildpflanzen&#8216; eingefunden. Treffpunkt war der Parkplatz beim Sackh\u00f6lzli Parkplatz &#8230;<br \/><div class=\"pt-cv-rmwrap\"><a href=\"https:\/\/www.nvv-ehrendingen.ch\/nvv-wp-01\/exkursionen\/exkursion-essbare-wildpflanzen\/\" class=\"_self pt-cv-readmore btn btn-success\" target=\"_self\">Weiterlesen \u2026<\/a><\/div><\/div><\/div><\/div><\/div>\n<div class=\"col-md-12 col-sm-6 col-xs-12 pt-cv-content-item pt-cv-2-col\" ><div class='pt-cv-ifield'><a href=\"https:\/\/www.nvv-ehrendingen.ch\/nvv-wp-01\/vogel-des-jahres\/vogel-des-jahres-2025-rothkehlchen\/\" class=\"_self pt-cv-href-thumbnail pt-cv-thumb-left\" target=\"_self\" ><img decoding=\"async\" width=\"300\" height=\"200\" src=\"https:\/\/www.nvv-ehrendingen.ch\/nvv-wp-01\/wp-content\/uploads\/2025\/02\/BirdLife-Rotkehlchen-1-300x200.jpg\" class=\"pt-cv-thumbnail pull-left attachment-medium size-medium\" alt=\"\" srcset=\"https:\/\/www.nvv-ehrendingen.ch\/nvv-wp-01\/wp-content\/uploads\/2025\/02\/BirdLife-Rotkehlchen-1-300x200.jpg 300w, https:\/\/www.nvv-ehrendingen.ch\/nvv-wp-01\/wp-content\/uploads\/2025\/02\/BirdLife-Rotkehlchen-1-768x512.jpg 768w, https:\/\/www.nvv-ehrendingen.ch\/nvv-wp-01\/wp-content\/uploads\/2025\/02\/BirdLife-Rotkehlchen-1.jpg 800w\" sizes=\"(max-width: 300px) 100vw, 300px\" \/><\/a>\n<div class=\"pt-cv-colwrap\"><h4 class=\"pt-cv-title\"><a href=\"https:\/\/www.nvv-ehrendingen.ch\/nvv-wp-01\/vogel-des-jahres\/vogel-des-jahres-2025-rothkehlchen\/\" class=\"_self\" target=\"_self\" >Vogel des Jahres 2025 &#8211; Rotkehlchen<\/a><\/h4><div class=\"pt-cv-content\">Das Rotkehlchen, umgangsprachlich auch &#8222;Rotbr\u00fcstli&#8220; genannt, ist einer unserer h\u00e4ufigsten Singv\u00f6gel und tr\u00e4gt seinen melodi\u00f6sen Gesang sogar im Hebst und Winter vor. Es ist sehr &#8230;<br \/><div class=\"pt-cv-rmwrap\"><a href=\"https:\/\/www.nvv-ehrendingen.ch\/nvv-wp-01\/vogel-des-jahres\/vogel-des-jahres-2025-rothkehlchen\/\" class=\"_self pt-cv-readmore btn btn-success\" target=\"_self\">Weiterlesen \u2026<\/a><\/div><\/div><\/div><\/div><\/div>\n<div class=\"col-md-12 col-sm-6 col-xs-12 pt-cv-content-item pt-cv-2-col\" ><div class='pt-cv-ifield'><a href=\"https:\/\/www.nvv-ehrendingen.ch\/nvv-wp-01\/exkursionen\/abendexkursion-orchideenwiese-ehrendingen\/\" class=\"_self pt-cv-href-thumbnail pt-cv-thumb-left\" target=\"_self\" ><img loading=\"lazy\" decoding=\"async\" width=\"225\" height=\"300\" src=\"https:\/\/www.nvv-ehrendingen.ch\/nvv-wp-01\/wp-content\/uploads\/2024\/04\/20240517-Abendexkursion-Orchideenwiese-Purpur-Knabenkraut-225x300.jpg\" class=\"pt-cv-thumbnail pull-left attachment-medium size-medium\" alt=\"Purpur Knabenkraut\" srcset=\"https:\/\/www.nvv-ehrendingen.ch\/nvv-wp-01\/wp-content\/uploads\/2024\/04\/20240517-Abendexkursion-Orchideenwiese-Purpur-Knabenkraut-225x300.jpg 225w, https:\/\/www.nvv-ehrendingen.ch\/nvv-wp-01\/wp-content\/uploads\/2024\/04\/20240517-Abendexkursion-Orchideenwiese-Purpur-Knabenkraut-768x1024.jpg 768w, https:\/\/www.nvv-ehrendingen.ch\/nvv-wp-01\/wp-content\/uploads\/2024\/04\/20240517-Abendexkursion-Orchideenwiese-Purpur-Knabenkraut-1152x1536.jpg 1152w, https:\/\/www.nvv-ehrendingen.ch\/nvv-wp-01\/wp-content\/uploads\/2024\/04\/20240517-Abendexkursion-Orchideenwiese-Purpur-Knabenkraut-960x1280.jpg 960w, https:\/\/www.nvv-ehrendingen.ch\/nvv-wp-01\/wp-content\/uploads\/2024\/04\/20240517-Abendexkursion-Orchideenwiese-Purpur-Knabenkraut.jpg 1254w\" sizes=\"(max-width: 225px) 100vw, 225px\" \/><\/a>\n<div class=\"pt-cv-colwrap\"><h4 class=\"pt-cv-title\"><a href=\"https:\/\/www.nvv-ehrendingen.ch\/nvv-wp-01\/exkursionen\/abendexkursion-orchideenwiese-ehrendingen\/\" class=\"_self\" target=\"_self\" >Abendexkursion &#8211; Orchideenwiese Ehrendingen<\/a><\/h4><div class=\"pt-cv-content\">Besammlung am Freitag, 17. Mai um 19 Uhr auf dem Sackh\u00f6lzli-Parkplatz.Dauer bis ca. 21 Uhr.Bei Fragen gibt Pr\u00e4sident Urs B\u00fcchi, 079 665 89 86 gerne &#8230;<br \/><div class=\"pt-cv-rmwrap\"><a href=\"https:\/\/www.nvv-ehrendingen.ch\/nvv-wp-01\/exkursionen\/abendexkursion-orchideenwiese-ehrendingen\/\" class=\"_self pt-cv-readmore btn btn-success\" target=\"_self\">Weiterlesen \u2026<\/a><\/div><\/div><\/div><\/div><\/div>\n<div class=\"col-md-12 col-sm-6 col-xs-12 pt-cv-content-item pt-cv-2-col\" ><div class='pt-cv-ifield'><a href=\"https:\/\/www.nvv-ehrendingen.ch\/nvv-wp-01\/vogel-des-jahres\/vogel-des-jahres-2023-sumpfrohrsaenger-2\/\" class=\"_self pt-cv-href-thumbnail pt-cv-thumb-left\" target=\"_self\" ><img loading=\"lazy\" decoding=\"async\" width=\"300\" height=\"178\" src=\"https:\/\/www.nvv-ehrendingen.ch\/nvv-wp-01\/wp-content\/uploads\/2024\/02\/vogel-des-jahres-2024-zwergtaucher-volker-jungbluth-1-300x178.jpg\" class=\"pt-cv-thumbnail pull-left attachment-medium size-medium\" alt=\"\" srcset=\"https:\/\/www.nvv-ehrendingen.ch\/nvv-wp-01\/wp-content\/uploads\/2024\/02\/vogel-des-jahres-2024-zwergtaucher-volker-jungbluth-1-300x178.jpg 300w, https:\/\/www.nvv-ehrendingen.ch\/nvv-wp-01\/wp-content\/uploads\/2024\/02\/vogel-des-jahres-2024-zwergtaucher-volker-jungbluth-1-1024x606.jpg 1024w, https:\/\/www.nvv-ehrendingen.ch\/nvv-wp-01\/wp-content\/uploads\/2024\/02\/vogel-des-jahres-2024-zwergtaucher-volker-jungbluth-1-768x455.jpg 768w, https:\/\/www.nvv-ehrendingen.ch\/nvv-wp-01\/wp-content\/uploads\/2024\/02\/vogel-des-jahres-2024-zwergtaucher-volker-jungbluth-1-960x568.jpg 960w, https:\/\/www.nvv-ehrendingen.ch\/nvv-wp-01\/wp-content\/uploads\/2024\/02\/vogel-des-jahres-2024-zwergtaucher-volker-jungbluth-1.jpg 1417w\" sizes=\"(max-width: 300px) 100vw, 300px\" \/><\/a>\n<div class=\"pt-cv-colwrap\"><h4 class=\"pt-cv-title\"><a href=\"https:\/\/www.nvv-ehrendingen.ch\/nvv-wp-01\/vogel-des-jahres\/vogel-des-jahres-2023-sumpfrohrsaenger-2\/\" class=\"_self\" target=\"_self\" >Vogel des Jahres 2024 &#8211; Zwergtaucher<\/a><\/h4><div class=\"pt-cv-content\">Der Zwergtaucher ist einer unserer kleinsten Wasserv\u00f6gel und heimisch in weiten Bereichen Europas und Asiens. Er ist leicht erkennbar durch seine komakte Form, den runden &#8230;<br \/><div class=\"pt-cv-rmwrap\"><a href=\"https:\/\/www.nvv-ehrendingen.ch\/nvv-wp-01\/vogel-des-jahres\/vogel-des-jahres-2023-sumpfrohrsaenger-2\/\" class=\"_self pt-cv-readmore btn btn-success\" target=\"_self\">Weiterlesen \u2026<\/a><\/div><\/div><\/div><\/div><\/div>\n<div class=\"col-md-12 col-sm-6 col-xs-12 pt-cv-content-item pt-cv-2-col\" ><div class='pt-cv-ifield'><a href=\"https:\/\/www.nvv-ehrendingen.ch\/nvv-wp-01\/vogel-des-jahres\/vogel-des-jahres-2023-sumpfrohrsaenger\/\" class=\"_self pt-cv-href-thumbnail pt-cv-thumb-left\" target=\"_self\" ><img loading=\"lazy\" decoding=\"async\" width=\"300\" height=\"222\" src=\"https:\/\/www.nvv-ehrendingen.ch\/nvv-wp-01\/wp-content\/uploads\/2023\/02\/vogel-des-jahres-2023-sumpfrohrsaenger-Wittlich-8475_web-300x222.jpg\" class=\"pt-cv-thumbnail pull-left attachment-medium size-medium\" alt=\"\" srcset=\"https:\/\/www.nvv-ehrendingen.ch\/nvv-wp-01\/wp-content\/uploads\/2023\/02\/vogel-des-jahres-2023-sumpfrohrsaenger-Wittlich-8475_web-300x222.jpg 300w, https:\/\/www.nvv-ehrendingen.ch\/nvv-wp-01\/wp-content\/uploads\/2023\/02\/vogel-des-jahres-2023-sumpfrohrsaenger-Wittlich-8475_web.jpg 700w\" sizes=\"(max-width: 300px) 100vw, 300px\" \/><\/a>\n<div class=\"pt-cv-colwrap\"><h4 class=\"pt-cv-title\"><a href=\"https:\/\/www.nvv-ehrendingen.ch\/nvv-wp-01\/vogel-des-jahres\/vogel-des-jahres-2023-sumpfrohrsaenger\/\" class=\"_self\" target=\"_self\" >Vogel des Jahres 2023 &#8211; Sumpfrohrs\u00e4nger<\/a><\/h4><div class=\"pt-cv-content\">Der Sumpfrohrs\u00e4nger liebt feuchte Lebensr\u00e4ume mit Gr\u00e4ben und Hecken. Sein Verbreitungsgebiet ist das Schweizer Mittelland und da vor allem an den Verlandungszonen von Fl\u00fcssen, B\u00e4chen &#8230;<br \/><div class=\"pt-cv-rmwrap\"><a href=\"https:\/\/www.nvv-ehrendingen.ch\/nvv-wp-01\/vogel-des-jahres\/vogel-des-jahres-2023-sumpfrohrsaenger\/\" class=\"_self pt-cv-readmore btn btn-success\" target=\"_self\">Weiterlesen \u2026<\/a><\/div><\/div><\/div><\/div><\/div>\n<div class=\"col-md-12 col-sm-6 col-xs-12 pt-cv-content-item pt-cv-2-col\" ><div class='pt-cv-ifield'><a href=\"https:\/\/www.nvv-ehrendingen.ch\/nvv-wp-01\/exkursionen\/sihlwald\/\" class=\"_self pt-cv-href-thumbnail pt-cv-thumb-left\" target=\"_self\" ><img loading=\"lazy\" decoding=\"async\" width=\"300\" height=\"225\" src=\"https:\/\/www.nvv-ehrendingen.ch\/nvv-wp-01\/wp-content\/uploads\/2022\/05\/20220515-Sihlwald-2-800-600-300x225.jpg\" class=\"pt-cv-thumbnail pull-left attachment-medium size-medium\" alt=\"\" srcset=\"https:\/\/www.nvv-ehrendingen.ch\/nvv-wp-01\/wp-content\/uploads\/2022\/05\/20220515-Sihlwald-2-800-600-300x225.jpg 300w, https:\/\/www.nvv-ehrendingen.ch\/nvv-wp-01\/wp-content\/uploads\/2022\/05\/20220515-Sihlwald-2-800-600-768x576.jpg 768w, https:\/\/www.nvv-ehrendingen.ch\/nvv-wp-01\/wp-content\/uploads\/2022\/05\/20220515-Sihlwald-2-800-600.jpg 800w\" sizes=\"(max-width: 300px) 100vw, 300px\" \/><\/a>\n<div class=\"pt-cv-colwrap\"><h4 class=\"pt-cv-title\"><a href=\"https:\/\/www.nvv-ehrendingen.ch\/nvv-wp-01\/exkursionen\/sihlwald\/\" class=\"_self\" target=\"_self\" >Sihlwald<\/a><\/h4><div class=\"pt-cv-content\">Exkursion Sihlwald \u2013 Wache schieben lohnte sich! Eine recht grosse Schar Interessierter machte sich am Sonntag, 15. Mai, auf den Weg in den Sihlwald \u2013 &#8230;<br \/><div class=\"pt-cv-rmwrap\"><a href=\"https:\/\/www.nvv-ehrendingen.ch\/nvv-wp-01\/exkursionen\/sihlwald\/\" class=\"_self pt-cv-readmore btn btn-success\" target=\"_self\">Weiterlesen \u2026<\/a><\/div><\/div><\/div><\/div><\/div>\n<div class=\"col-md-12 col-sm-6 col-xs-12 pt-cv-content-item pt-cv-2-col\" ><div class='pt-cv-ifield'><a href=\"https:\/\/www.nvv-ehrendingen.ch\/nvv-wp-01\/allgemein\/schwalbenhotel\/\" class=\"_self pt-cv-href-thumbnail pt-cv-thumb-left\" target=\"_self\" ><img loading=\"lazy\" decoding=\"async\" width=\"300\" height=\"199\" src=\"https:\/\/www.nvv-ehrendingen.ch\/nvv-wp-01\/wp-content\/uploads\/2022\/04\/20220326-Schwalbenhotel-5-800-530-300x199.jpg\" class=\"pt-cv-thumbnail pull-left attachment-medium size-medium\" alt=\"\" srcset=\"https:\/\/www.nvv-ehrendingen.ch\/nvv-wp-01\/wp-content\/uploads\/2022\/04\/20220326-Schwalbenhotel-5-800-530-300x199.jpg 300w, https:\/\/www.nvv-ehrendingen.ch\/nvv-wp-01\/wp-content\/uploads\/2022\/04\/20220326-Schwalbenhotel-5-800-530-768x509.jpg 768w, https:\/\/www.nvv-ehrendingen.ch\/nvv-wp-01\/wp-content\/uploads\/2022\/04\/20220326-Schwalbenhotel-5-800-530.jpg 800w\" sizes=\"(max-width: 300px) 100vw, 300px\" \/><\/a>\n<div class=\"pt-cv-colwrap\"><h4 class=\"pt-cv-title\"><a href=\"https:\/\/www.nvv-ehrendingen.ch\/nvv-wp-01\/allgemein\/schwalbenhotel\/\" class=\"_self\" target=\"_self\" >Schwalbenhotel<\/a><\/h4><div class=\"pt-cv-content\">Die Mehlschwalbe, schweizweit schon l\u00e4nger auf der Roten Liste der gef\u00e4hrdeten Vogelarten, br\u00fctet gern in Kolonien. Ihre Brutpl\u00e4tze hatte sie urspr\u00fcnglich an Felsen. Heute sind &#8230;<br \/><div class=\"pt-cv-rmwrap\"><a href=\"https:\/\/www.nvv-ehrendingen.ch\/nvv-wp-01\/allgemein\/schwalbenhotel\/\" class=\"_self pt-cv-readmore btn btn-success\" target=\"_self\">Weiterlesen \u2026<\/a><\/div><\/div><\/div><\/div><\/div>\n<div class=\"col-md-12 col-sm-6 col-xs-12 pt-cv-content-item pt-cv-2-col\" ><div class='pt-cv-ifield'><a href=\"https:\/\/www.nvv-ehrendingen.ch\/nvv-wp-01\/allgemein\/neophyten-tag-2021\/\" class=\"_self pt-cv-href-thumbnail pt-cv-thumb-left\" target=\"_self\" ><img loading=\"lazy\" decoding=\"async\" width=\"300\" height=\"200\" src=\"https:\/\/www.nvv-ehrendingen.ch\/nvv-wp-01\/wp-content\/uploads\/2021\/08\/20210717-neophyten-tag-2021-003-800-533-300x200.png\" class=\"pt-cv-thumbnail pull-left attachment-medium size-medium\" alt=\"Neophyten Tag 2021 - Neophytenbestimmung\" srcset=\"https:\/\/www.nvv-ehrendingen.ch\/nvv-wp-01\/wp-content\/uploads\/2021\/08\/20210717-neophyten-tag-2021-003-800-533-300x200.png 300w, https:\/\/www.nvv-ehrendingen.ch\/nvv-wp-01\/wp-content\/uploads\/2021\/08\/20210717-neophyten-tag-2021-003-800-533-768x512.png 768w, https:\/\/www.nvv-ehrendingen.ch\/nvv-wp-01\/wp-content\/uploads\/2021\/08\/20210717-neophyten-tag-2021-003-800-533.png 800w\" sizes=\"(max-width: 300px) 100vw, 300px\" \/><\/a>\n<div class=\"pt-cv-colwrap\"><h4 class=\"pt-cv-title\"><a href=\"https:\/\/www.nvv-ehrendingen.ch\/nvv-wp-01\/allgemein\/neophyten-tag-2021\/\" class=\"_self\" target=\"_self\" >Neophyten Tag 2021<\/a><\/h4><div class=\"pt-cv-content\">Am 17. Juli 2021 fanden sich bei strahlendem und heissem Wetter rund 20 Personen beim Schladwald zum diesj\u00e4hriger Neophyten Tag ein. Nach einer kurzen Einf\u00fchrung &#8230;<br \/><div class=\"pt-cv-rmwrap\"><a href=\"https:\/\/www.nvv-ehrendingen.ch\/nvv-wp-01\/allgemein\/neophyten-tag-2021\/\" class=\"_self pt-cv-readmore btn btn-success\" target=\"_self\">Weiterlesen \u2026<\/a><\/div><\/div><\/div><\/div><\/div>\n<div class=\"col-md-12 col-sm-6 col-xs-12 pt-cv-content-item pt-cv-2-col\" ><div class='pt-cv-ifield'><a href=\"https:\/\/www.nvv-ehrendingen.ch\/nvv-wp-01\/allgemein\/dergetenweiher-reinigungsaktion\/\" class=\"_self pt-cv-href-thumbnail pt-cv-thumb-left\" target=\"_self\" ><img loading=\"lazy\" decoding=\"async\" width=\"300\" height=\"199\" src=\"https:\/\/www.nvv-ehrendingen.ch\/nvv-wp-01\/wp-content\/uploads\/2021\/06\/20210602-Dergetenweiher-006-800-530-1-300x199.jpg\" class=\"pt-cv-thumbnail pull-left attachment-medium size-medium\" alt=\"Saugger\u00e4t im Einsatz\" srcset=\"https:\/\/www.nvv-ehrendingen.ch\/nvv-wp-01\/wp-content\/uploads\/2021\/06\/20210602-Dergetenweiher-006-800-530-1-300x199.jpg 300w, https:\/\/www.nvv-ehrendingen.ch\/nvv-wp-01\/wp-content\/uploads\/2021\/06\/20210602-Dergetenweiher-006-800-530-1-768x509.jpg 768w, https:\/\/www.nvv-ehrendingen.ch\/nvv-wp-01\/wp-content\/uploads\/2021\/06\/20210602-Dergetenweiher-006-800-530-1.jpg 800w\" sizes=\"(max-width: 300px) 100vw, 300px\" \/><\/a>\n<div class=\"pt-cv-colwrap\"><h4 class=\"pt-cv-title\"><a href=\"https:\/\/www.nvv-ehrendingen.ch\/nvv-wp-01\/allgemein\/dergetenweiher-reinigungsaktion\/\" class=\"_self\" target=\"_self\" >Dergetenweiher Reinigungsaktion<\/a><\/h4><div class=\"pt-cv-content\">Beim Dergetenweiher neben dem Spielplatz waren letzte Woche grosse Maschinen im Einsatz. Bauamtschef Heinz Kofel erkl\u00e4rt: &#8222;Alle Weiher neigen dazu, sich mit der Zeit mit &#8230;<br \/><div class=\"pt-cv-rmwrap\"><a href=\"https:\/\/www.nvv-ehrendingen.ch\/nvv-wp-01\/allgemein\/dergetenweiher-reinigungsaktion\/\" class=\"_self pt-cv-readmore btn btn-success\" target=\"_self\">Weiterlesen \u2026<\/a><\/div><\/div><\/div><\/div><\/div><\/div><\/div><\/div><\/p>\t\t\t\t\t\t\t\t<\/div>\n\t\t\t\t<\/div>\n\t\t\t\t\t<\/div>\n\t\t<\/div>\n\t\t\t\t\t<\/div>\n\t\t<\/section>\n\t\t\t\t<\/div>\n\t\t","protected":false},"excerpt":{"rendered":"<p>Liebe Natur- und Vogelfreund Wir begr\u00fcssen dich herzlich auf der Homepage des Natur- und Vogelschutzvereins Ehrendingen. Nebst vielerlei Aktivit\u00e4ten in und um Ehrendingen, alle mit dem Ziel der Hege und Pflege der Tier- und Pflanzenwelt, zu denen jedermann, auch Nichtmitglieder, jederzeit herzlich eingeladen sind, geniessen wir vor allem auch das gem\u00fctliche Beisammensein mit Gleichgesinnten. Nebst <a href=\"https:\/\/www.nvv-ehrendingen.ch\/nvv-wp-01\/\" class=\"more-link\">...weiterlesen<span class=\"screen-reader-text\"> \"Herzlich Willkommen beim Natur- und Vogelschutzverein Ehrendingen\"<\/span><\/a><\/p>\n","protected":false},"author":1,"featured_media":0,"parent":0,"menu_order":0,"comment_status":"closed","ping_status":"closed","template":"","meta":{"footnotes":""},"class_list":["post-102","page","type-page","status-publish","h-entry","hentry","h-as-page"],"_links":{"self":[{"href":"https:\/\/www.nvv-ehrendingen.ch\/nvv-wp-01\/wp-json\/wp\/v2\/pages\/102","targetHints":{"allow":["GET"]}}],"collection":[{"href":"https:\/\/www.nvv-ehrendingen.ch\/nvv-wp-01\/wp-json\/wp\/v2\/pages"}],"about":[{"href":"https:\/\/www.nvv-ehrendingen.ch\/nvv-wp-01\/wp-json\/wp\/v2\/types\/page"}],"author":[{"embeddable":true,"href":"https:\/\/www.nvv-ehrendingen.ch\/nvv-wp-01\/wp-json\/wp\/v2\/users\/1"}],"replies":[{"embeddable":true,"href":"https:\/\/www.nvv-ehrendingen.ch\/nvv-wp-01\/wp-json\/wp\/v2\/comments?post=102"}],"version-history":[{"count":38,"href":"https:\/\/www.nvv-ehrendingen.ch\/nvv-wp-01\/wp-json\/wp\/v2\/pages\/102\/revisions"}],"predecessor-version":[{"id":667,"href":"https:\/\/www.nvv-ehrendingen.ch\/nvv-wp-01\/wp-json\/wp\/v2\/pages\/102\/revisions\/667"}],"wp:attachment":[{"href":"https:\/\/www.nvv-ehrendingen.ch\/nvv-wp-01\/wp-json\/wp\/v2\/media?parent=102"}],"curies":[{"name":"wp","href":"https:\/\/api.w.org\/{rel}","templated":true}]}}